t is -20201 + 11021?
-3120
In base 10, what is 16 - 36174?
-36158
In base 10, what is -348 + 292?
-56
In base 13, what is 130 + -640?
-510
In base 11, what is -5 + -296?
-2a0
In base 14, what is -5 + -36168?
-3616d
In base 11, what is -26 - 1099?
-1114
In base 3, what is 120202 - 1011?
112121
In base 15, what is 9c - 1e97?
-1dea
In base 12, what is ba14 + -7?
ba09
In base 13, what is -62a - -4c?
-5ab
In base 9, what is 2348 - 17?
2331
In base 12, what is 607 + 3a?
645
In base 10, what is 2 - 25054?
-25052
In base 16, what is -4c66 + -d?
-4c73
In base 15, what is -184 + 1bc?
38
In base 16, what is 1d - -49b?
4b8
In base 4, what is 120313 + 31?
121010
In base 2, what is 10111100 - -1111011111?
10010011011
In base 9, what is -28881 + -1?
-28882
In base 10, what is -3882 - -44?
-3838
In base 4, what is -1 - -3332101213?
3332101212
In base 12, what is 1424 + -128?
12b8
In base 7, what is -125 - -1215?
1060
In base 16, what is -4 + -7a9?
-7ad
In base 6, what is 11215 - 3511?
3304
In base 12, what is -84 - 60?
-124
In base 6, what is -245251 - 4?
-245255
In base 10, what is 16 - -47594?
47610
In base 12, what is 1 + -9?
-8
In base 8, what is 1671 - -1040?
2731
In base 16, what is -b90a - -4?
-b906
In base 12, what is 568 + 49?
5b5
In base 8, what is 42621 + 74?
42715
In base 6, what is 12224132 - 3?
12224125
In base 15, what is 2e + -1a9?
-17a
In base 9, what is 12 - 33608?
-33586
In base 12, what is 3916 + 0?
3916
In base 8, what is 3 - 16423?
-16420
In base 4, what is -201103 - -10?
-201033
In base 13, what is 60 - -6a?
ca
In base 6, what is -44 - 32353?
-32441
In base 8, what is -551553 - 5?
-551560
In base 9, what is 11455 - 0?
11455
In base 3, what is -100201 + -101111?
-202012
In base 13, what is 273b1 - 22?
2738c
In base 9, what is 2 + -20814?
-20812
In base 12, what is 1 + b1b02?
b1b03
In base 6, what is 452 + -2302?
-1410
In base 2, what is 1010101001100001 - 11?
1010101001011110
In base 11, what is 4788 - -5?
4792
In base 14, what is 468a + -100?
458a
In base 15, what is 23 - 9911?
-98dd
In base 4, what is -11 + -2122130?
-2122201
In base 3, what is -1201202021 + 2?
-1201202012
In base 4, what is -103003000003 - -10?
-103002333333
In base 13, what is 1 - -195174?
195175
In base 9, what is -3 - 62657?
-62661
In base 11, what is 18591 + -3?
18589
In base 5, what is -13334 - 1122?
-20011
In base 3, what is 1111221110 + -20101?
1111201002
In base 12, what is 3 + -9410?
-9409
In base 4, what is -10032 + -233?
-10331
In base 16, what is -27c - 2a?
-2a6
In base 4, what is 121322131 + 0?
121322131
In base 5, what is -20 - -3321?
3301
In base 11, what is 1190 + -9?
1182
In base 11, what is 1 - -a737?
a738
In base 2, what is -111000 - 1000001000001001?
-1000001001000001
In base 6, what is 5 - -3140415?
3140424
In base 9, what is -1174645 + 3?
-1174642
In base 8, what is -2032 + 23?
-2007
In base 15, what is 5 - -139e36?
139e3b
In base 6, what is -22 - 11401?
-11423
In base 14, what is 1001 + 8?
1009
In base 5, what is 1 - 12132322?
-12132321
In base 15, what is -259d - 35?
-25d3
In base 15, what is -1dab3 + -3?
-1dab6
In base 12, what is -4aa + 163b?
1151
In base 16, what is -368 + -17?
-37f
In base 12, what is -ba3a9 - -5?
-ba3a4
In base 15, what is -75d2 - 18?
-75ea
In base 3, what is -210201200 - 1110?
-210210010
In base 6, what is 20 + 1504252?
1504312
In base 10, what is -5 + 13690?
13685
In base 5, what is 11 - -13232?
13243
In base 13, what is -776 - -9?
-76a
In base 7, what is -332161 - 5?
-332166
In base 14, what is -4 + 663aa?
663a6
In base 13, what is -b715 + -3?
-b718
In base 15, what is 2 + 265c?
265e
In base 6, what is 142420 + -13?
142403
In base 10, what is -164 + -255?
-419
In base 12, what is -4 - 12b5?
-12b9
In base 3, what is 11 - -22221002?
22221020
In base 8, what is -11253 + -14?
-11267
In base 3, what is 10 - -2101202012?
2101202022
In base 7, what is 11622 + 351?
12303
In base 14, what is -1bdb - -32?
-1ba9
In base 10, what is -14230 + 2?
-14228
In base 8, what is -106 + 71416?
71310
In base 14, what is 239b3 - 0?
239b3
In base 8, what is 322641 + 0?
322641
In base 6, what is -324035 - -4?
-324031
In base 13, what is 5 + -133956?
-133951
In base 12, what is -5637 - -a?
-5629
In base 15, what is 2 + -61209?
-61207
In base 15, what is -6 - -ab4b?
ab45
In base 11, what is a2 - 173?
-81
In base 16, what is 587 - 14c?
43b
In base 2, what is -1001110000111 - -11?
-1001110000100
In base 5, what is -3 - -13413242?
13413234
In base 6, what is -201345 + 22?
-201323
In base 10, what is 6188 + -13?
6175
In base 2, what is -110101101 + -10010001?
-1000111110
In base 5, what is 11403322 - 2?
11403320
In base 15, what is -87 - -dc5?
d3d
In base 9, what is 65 + -2101?
-2025
In base 7, what is -5 + 4254651?
4254643
In base 9, what is -5 - 174142?
-174147
In base 10, what is 610 + 585?
1195
In base 3, what is -11 + -10120000121?
-10120000202
In base 14, what is 1 + -429a?
-4299
In base 9, what is -10785 - -6?
-10778
In base 3, what is -1020120 + -2120?
-1100010
In base 11, what is -a50 - 4?
-a54
In base 7, what is 230 - 11235?
-11005
In base 6, what is 113121 - 2?
113115
In base 16, what is 4e - c35?
-be7
In base 16, what is 2 - 157bf?
-157bd
In base 4, what is -21322 - -10321?
-11001
In base 4, what is 230 - 11022?
-10132
In base 2, what is -101 + -1000101011101?
-1000101100010
In base 6, what is 32425 - -3444?
40313
In base 5, what is -11240 - 1022?
-12312
In base 10, what is -52 - -4801?
4749
In base 14, what is a6a + 7?
a73
In base 12, what is -212 + 14?
-1ba
In base 14, what is -9 - 27288?
-27293
In base 4, what is 1032331202 - -10?
1032331212
In base 2, what is 111010100001001 + 101?
111010100001110
In base 14, what is -85 - -a4?
1d
In base 15, what is 9 - -113b4?
113bd
In base 10, what is -21815 - -3?
-21812
In base 9, what is -173 + -4268?
-4452
In base 4, what is -232021 - 202?
-232223
In base 2, what is 110010 + -100010001010?
-100001011000
In base 5, what is 43 - 3144?
-3101
In base 13, what is -325 - 4?
-329
In base 10, what is 2 + -19969?
-19967
In base 12, what is 487 + 3055?
3520
In base 6, what is -4 + -12121?
-12125
In base 4, what is -10 - -1010?
1000
In base 9, what is 4 - -1146134?
1146138
In base 3, what is -1100021102020 + 0?
-1100021102020
In base 8, what is -6447 + 37?
-6410
In base 3, what is -112201111 - 2?
-112201120
In base 4, what is 1101302 + 10312?
1112220
In base 9, what is 2411 + 1300?
3711
In base 15, what is -1 + -1367a?
-1367b
In base 3, what is 102220002020 + -2?
102220002011
In base 2, what is -10 + -10111010011011110?
-10111010011100000
In base 11, what is 207550a - 3?
2075507
In base 11, what is 4 - -23871?
23875
In base 3, what is -1022002 + -1201021?
-10000100
In base 11, what is 9 - -4062?
4070
In base 13, what is -4 - 451?
-455
In base 12, what is -5785a + -4?
-57862
In base 5, what is -1 + -2222242?
-2222243
In base 2, what is -1111011 + 101111100?
100000001
In base 8, what is 1665 - -603?
2470
In base 16, what is 4 + 2fd5?
2fd9
In base 3, what is 1 + -2112100?
-2112022
In base 15, what is 81ce9 + -8?
81ce1
In base 12, what is 4 - 81a5?
-81a1
In base 14, what is 39a74 - 7?
39a6b
In base 10, what is 1 - -279527?
279528
In base 7, what is -11510166 - 5?
-11510204
In base 4, what is 213101 + -2?
213033
In base 6, what is 12353 - 43?
12310
In base 14, what is -2a4 + -2413?
-26b7
In base 6, what is -11 - 242345?
-242400
In base 4, what is -231 - 10202003?
-10202300
In base 2, what is -100 - 110011110010?
-110011110110
In base 6, what is 0 + 111303?
111303
In base 4, what is -30210202 - -121?
-30210021
In base 13, what is 2 - 14629?
-14627
In base 6, what is 11 + 3152012?
3152023
In base 9, what is 5 + -31357?
-31352
In base 11, what is 412 + 41?
453
In base 4, what is 3 - -2123031?
2123100
In base 7, what is -46 + 554354?
554305
In base 3, what is 1221222221 - 100?
1221222121
In base 15, what is -7 - 1381?
-1388
In base 2, what is 11100001101111110 - 11?
11100001101111011
In base 3, what is -201210020 + 11?
-201210002
In base 9, what is -42 + 32?
-10
In base 2, what is -110011000 - 1100000101?
-10010011101
In base 3, what is -100210211211 - -1?
-100210211210
In base 3, what is 100120 - -102100?
202220
In base 5, what is 100222 - 3?
100214
In base 4, what is -1113 - -12100?
10321
In base 5, what is 3